{"id":11730,"date":"2020-03-19T19:41:48","date_gmt":"2020-03-19T19:41:48","guid":{"rendered":"http:\/\/olividros.com.br\/box-para-banheiros\/?page_id=11730"},"modified":"2024-02-06T14:58:05","modified_gmt":"2024-02-06T14:58:05","slug":"box-transfer-tec-vidro","status":"publish","type":"page","link":"http:\/\/olividros.com.br\/box-para-banheiros\/box-transfer-tec-vidro\/","title":{"rendered":"BOX TRANSFER TEC-VIDRO"},"content":{"rendered":"[vc_row][vc_column width=&#8221;1\/1&#8243;][vc_empty_space height=&#8221;30px&#8221;][vc_column_text]\n<h1 style=\"text-align: center;\"><span style=\"color: #0094e0;\"><em><strong>BOX TRANSFER BT3 E BT2 TEC-VIDRO<\/strong><\/em><\/span><\/h1>\n[\/vc_column_text][vc_empty_space height=&#8221;20px&#8221;][vc_column_text]BOX TRANSFER BT3 E BT2 TEC-VIDRO: O Box BT3 tem movimenta\u00e7\u00e3o simult\u00e2nea das portas atrav\u00e9s da transfer\u00eancia da for\u00e7a aplicada, trava de seguran\u00e7a, praticidade, deslizamento suave das portas, abertura de 1\/3 do v\u00e3o com 1 vidro fixo + 2 vidros m\u00f3veis.<\/p>\n<p>O Box BT2 agora pode ser instalado com vidros de dimens\u00f5es e fura\u00e7\u00f5es padr\u00e3o. Seguindo a tend\u00eancia de arquitetura com linhas retas e possibilita a mudan\u00e7a do design com a aplica\u00e7\u00e3o de uma capa de acabamento sobre o trilho superior, mesmo com o produto j\u00e1 instalado.<\/p>\n<p>O Box Transfer BT2 TEC-VIDRO \u00e9 a solu\u00e7\u00e3o perfeita para quem busca praticidade e eleg\u00e2ncia no banheiro. Com um design moderno e sofisticado, este box de vidro proporciona um visual clean e contempor\u00e2neo para o seu ambiente.<\/p>\n<p>Fabricado com materiais de alta qualidade, o Box Transfer BT2 TEC-VIDRO oferece durabilidade e resist\u00eancia, garantindo a seguran\u00e7a e a comodidade que voc\u00ea procura. Al\u00e9m disso, seu sistema de abertura deslizante proporciona um f\u00e1cil acesso ao seu interior, facilitando o uso di\u00e1rio.<\/p>\n<p>Com abertura para ambos os lados, o Box Transfer BT2 TEC-VIDRO \u00e9 ideal para banheiros de todos os tamanhos, sendo uma \u00f3tima op\u00e7\u00e3o para otimizar o espa\u00e7o, facilita a limpeza al\u00e9m de criar uma sensa\u00e7\u00e3o de amplitude. Seu visual com vidro transparente tamb\u00e9m permite uma maior entrada de luz natural, contribuindo para um ambiente mais iluminado e arejado.<\/p>\n<p>Al\u00e9m da sua funcionalidade, o Box Transfer BT2 TEC-VIDRO tamb\u00e9m agrega valor est\u00e9tico ao seu banheiro, conferindo um toque de sofistica\u00e7\u00e3o e eleg\u00e2ncia ao ambiente. Seja em um projeto residencial ou comercial, este box de vidro \u00e9 a escolha perfeita para quem busca aliar praticidade e beleza na sua decora\u00e7\u00e3o.<\/p>\n<p>Com a instala\u00e7\u00e3o do Box Transfer BT2 TEC-VIDRO, voc\u00ea ter\u00e1 a garantia de um produto de alta qualidade e um ambiente mais moderno e agrad\u00e1vel. Invista em um item que agrega valor ao seu banheiro e desfrute de todos os benef\u00edcios que o Box Transfer BT2 TEC-VIDRO tem a oferecer.<\/p>\n<p>O Box Transfer BT2 de vidro temperado 8 mm \u00e9 composto por dois vidros m\u00f3veis em alguns casos facilitando a limpeza do vidro junto a locais de dif\u00edcil acesso, segue a tend\u00eancia de arquitetura com linhas retas e possibilita a mudan\u00e7a do design com a aplica\u00e7\u00e3o de uma capa de acabamento sobre o trilho superior, mesmo com o produto j\u00e1 instalado<br \/>\nPerfis mais delicados projetados para Box de vidros com dimens\u00f5es e fura\u00e7\u00f5es padr\u00e3o, perfis em alum\u00ednio pintura eletrost\u00e1tica ou anodizado e acess\u00f3rios na mesma cor do alum\u00ednio cores dispon\u00edveis: branco, preto, prata fosco e prata brilho, veda\u00e7\u00e3o % com silicone incolor cura ac\u00e9tica com fungicida (n\u00e3o d\u00e1 mofo) | Garantia: 01 ano de instala\u00e7\u00e3o.<\/p>\n<p>LIMPEZA:<br \/>\n\u2713 N\u00e3o utilizar produtos abrasivos como lixa, palha de a\u00e7o, etc;<br \/>\n\u2713 N\u00e3o utilizar facas ou objetos pontiagudos para retirar as etiquetas;<br \/>\n\u2713 Efetuar limpeza peri\u00f3dica, mantendo o produto limpo e seco;<br \/>\n\u2713 Utilizar somente \u00e1gua, sab\u00e3o neutro ou produtos espec\u00edficos para limpeza.<\/p>\n<p>UTILIZA\u00c7\u00c3O:<br \/>\n\u2713 As bordas do vidro n\u00e3o devem entrar em contato com superf\u00edcies r\u00edgidas durante a utiliza\u00e7\u00e3o;<br \/>\n\u2713 N\u00e3o deixe crian\u00e7as desacompanhadas manusear o produto;<br \/>\n\u2713 Em caso de mau funcionamento ou anomalias, entre em contato imediatamente com a OLIVIDROS;<br \/>\n\u2713 \u00c9 recomendada a manuten\u00e7\u00e3o peri\u00f3dica anual da instala\u00e7\u00e3o, para verificar desgastes de pe\u00e7as, tais como roldanas, dobradi\u00e7as, batentes, entre outros, a fim de reduzir o risco de quebra dos vidros por avarias destes componentes.[\/vc_column_text][vc_empty_space height=&#8221;10px&#8221;][vc_row_inner][vc_column_inner width=&#8221;1\/3&#8243;][vc_column_text]\n<ul>\n<li>Box transfer<\/li>\n<li>Box transfer BT2<\/li>\n<li>Box transfer BT3<\/li>\n<li>Box transfer 3 vidros<\/li>\n<li>Box transfer 2 vidros<\/li>\n<\/ul>\n[\/vc_column_text][\/vc_column_inner][vc_column_inner width=&#8221;1\/3&#8243;][vc_column_text]\n<ul>\n<li>Box transfer incolor<\/li>\n<li>Box transfer BT2 verde<\/li>\n<li>Box transfer BT3 fum\u00ea<\/li>\n<li>Box transfer 3 vidros pre\u00e7o<\/li>\n<li>Box transfer 2 vidros pre\u00e7o<\/li>\n<\/ul>\n[\/vc_column_text][\/vc_column_inner][vc_column_inner width=&#8221;1\/3&#8243;][vc_column_text]\n<ul>\n<li>Pre\u00e7o de Box transfer<\/li>\n<li>Box banheiro transfer BT2<\/li>\n<li>Box Blindex transfer BT3<\/li>\n<li>Box transfer 2 portas 1 fixo<\/li>\n<li>Box transfer 2 portas<\/li>\n<\/ul>\n[\/vc_column_text][\/vc_column_inner][\/vc_row_inner][vc_empty_space height=&#8221;20px&#8221;][vc_gallery type=&#8221;image_grid&#8221; interval=&#8221;3&#8243; images=&#8221;11727&#8243; onclick=&#8221;link_image&#8221; custom_links_target=&#8221;_self&#8221; column_number=&#8221;3&#8243; img_size=&#8221;300&#215;300&#8243;][vc_empty_space height=&#8221;20px&#8221;][vc_row_inner][vc_column_inner width=&#8221;1\/4&#8243;][vc_video title=&#8221;BOX TRANSFER &#8221; link=&#8221;https:\/\/www.youtube.com\/watch?v=9IMGQAysqeA&#8221;][vc_empty_space height=&#8221;20px&#8221;][\/vc_column_inner][vc_column_inner width=&#8221;1\/4&#8243;][vc_video title=&#8221;BOX TRANSFER 3 VIDROS&#8221; link=&#8221;https:\/\/www.youtube.com\/watch?v=bHc4wMsL4ak&#8221;][vc_empty_space height=&#8221;20px&#8221;][\/vc_column_inner][vc_column_inner width=&#8221;1\/4&#8243;][vc_video title=&#8221;PASSO A PASSO TRANSFER&#8221; link=&#8221;https:\/\/www.youtube.com\/watch?v=dIIQQ9kNbi0&#8243;][vc_empty_space height=&#8221;20px&#8221;][\/vc_column_inner][vc_column_inner width=&#8221;1\/4&#8243;][vc_video title=&#8221;1 FIXO + 2 M\u00d3VEIS BOX&#8221; link=&#8221;https:\/\/www.youtube.com\/watch?v=puuShiCwl3w&#8221;][vc_empty_space height=&#8221;20px&#8221;][\/vc_column_inner][\/vc_row_inner][\/vc_column][\/vc_row][vc_row][vc_column width=&#8221;1\/2&#8243;][vc_single_image image=&#8221;11121&#8243; border_color=&#8221;grey&#8221; img_link_large=&#8221;&#8221; img_link_target=&#8221;_self&#8221; img_size=&#8221;1200&#215;200&#8243; link=&#8221;https:\/\/api.whatsapp.com\/send?phone=5521984035740&amp;text=Orcamento%20Vidracaria!&#8221;][\/vc_column][vc_column width=&#8221;1\/2&#8243;][vc_column_text]\n<h1><a title=\"BOX TRANSFER TEC-VIDRO\" href=\"https:\/\/api.whatsapp.com\/send?phone=5521995505345&amp;text=Orcamento%20Vidracaria!\" target=\"_blank\"><strong>Agilize o seu atendimento\u00a0 \u00a0 \u00a0 \u00a0 \u00a0<span class=\"color_11\"><img decoding=\"async\" loading=\"lazy\" class=\" alignnone\" src=\"https:\/\/static.wixstatic.com\/media\/851e20_66e0591e9e2a4e1790e05bf4949eeb37.png\/v1\/fill\/w_38,h_39,al_c,usm_0.66_1.00_0.01\/851e20_66e0591e9e2a4e1790e05bf4949eeb37.png\" alt=\"\" width=\"52\" height=\"53\" \/>|21| 99550-5345<\/span><\/strong><\/a><\/h1>\n[\/vc_column_text][vc_single_image image=&#8221;12045&#8243; border_color=&#8221;grey&#8221; img_link_large=&#8221;&#8221; img_link_target=&#8221;_self&#8221; img_size=&#8221;1200&#215;300&#8243; link=&#8221;https:\/\/api.whatsapp.com\/send?phone=5521995505345&amp;text=Orcamento%20Vidracaria!&#8221; alignment=&#8221;center&#8221; title=&#8221;FALE COM UM ESPECIALISTA&#8221;][\/vc_column][\/vc_row][vc_row][vc_column width=&#8221;1\/4&#8243;][vc_column_text]\n<h2>Solicite um\u00a0Or\u00e7amento<\/h2>\n[\/vc_column_text][vc_single_image image=&#8221;10351&#8243; border_color=&#8221;grey&#8221; img_link_large=&#8221;&#8221; img_link_target=&#8221;_self&#8221;][vc_empty_space height=&#8221;30px&#8221;][\/vc_column][vc_column width=&#8221;3\/4&#8243;][vc_column_text]\n<h3>Preencha o formul\u00e1rio e logo retornaremos:<\/h3>\n[\/vc_column_text]<div role=\"form\" class=\"wpcf7\" id=\"wpcf7-f8637-o1\" lang=\"pt-BR\" dir=\"ltr\">\n<div class=\"screen-reader-response\"><\/div>\n<form action=\"\/box-para-banheiros\/wp-json\/wp\/v2\/pages\/11730#wpcf7-f8637-o1\" method=\"post\" class=\"wpcf7-form\" novalidate=\"novalidate\">\n<div style=\"display: none;\">\n<input type=\"hidden\" name=\"_wpcf7\" value=\"8637\" \/>\n<input type=\"hidden\" name=\"_wpcf7_version\" value=\"4.2.2\" \/>\n<input type=\"hidden\" name=\"_wpcf7_locale\" value=\"pt_BR\" \/>\n<input type=\"hidden\" name=\"_wpcf7_unit_tag\" value=\"wpcf7-f8637-o1\" \/>\n<input type=\"hidden\" name=\"_wpnonce\" value=\"95ef52f006\" \/>\n<\/div>\n<div class=\"contact_form\">\n<div class=\"two_columns_50_50 clearfix\">\n<div class=\"column1\">\n<div class=\"column_inner\">Nome:\n<p><span class=\"wpcf7-form-control-wrap your-name\"><input type=\"text\" name=\"your-name\" value=\"\" size=\"40\" class=\"wpcf7-form-control wpcf7-text wpcf7-validates-as-required\" aria-required=\"true\" aria-invalid=\"false\" \/><\/span><\/p><\/div>\n<\/div>\n<div class=\"column2\">\n<div class=\"column_inner\">Telefone:\n<p><span class=\"wpcf7-form-control-wrap your-telefone\"><input type=\"text\" name=\"your-telefone\" value=\"\" size=\"40\" class=\"wpcf7-form-control wpcf7-text wpcf7-validates-as-required\" aria-required=\"true\" aria-invalid=\"false\" \/><\/span><\/p><\/div>\n<\/div>\n<\/div>\n<div class=\"two_columns_50_50 clearfix\">Email:\n<p><span class=\"wpcf7-form-control-wrap your-email\"><input type=\"text\" name=\"your-email\" value=\"\" size=\"40\" class=\"wpcf7-form-control wpcf7-text wpcf7-validates-as-required\" aria-required=\"true\" aria-invalid=\"false\" \/><\/span><\/p><\/div>\n<p>Mensagem:<\/p>\n<p><span class=\"wpcf7-form-control-wrap your-message\"><textarea name=\"your-message\" cols=\"40\" rows=\"10\" class=\"wpcf7-form-control wpcf7-textarea wpcf7-validates-as-required\" aria-required=\"true\" aria-invalid=\"false\"><\/textarea><\/span><\/p>\n<p><input type=\"submit\" value=\"Enviar\" class=\"wpcf7-form-control wpcf7-submit qbutton\" \/><\/p>\n<\/div>\n<p style=\"display: none !important;\" class=\"akismet-fields-container\" data-prefix=\"_wpcf7_ak_\"><label>&#916;<textarea name=\"_wpcf7_ak_hp_textarea\" cols=\"45\" rows=\"8\" maxlength=\"100\"><\/textarea><\/label><input type=\"hidden\" id=\"ak_js_1\" name=\"_wpcf7_ak_js\" value=\"18\"\/><script>document.getElementById( \"ak_js_1\" ).setAttribute( \"value\", ( new Date() ).getTime() );<\/script><\/p><div class=\"wpcf7-response-output wpcf7-display-none\"><\/div><\/form><\/div>[\/vc_column][\/vc_row][vc_row][vc_column width=&#8221;1\/1&#8243;][vc_column_text]\n<h1 style=\"text-align: center;\"><a title=\"OR\u00c7AMENTO\" href=\"http:\/\/olividros.com.br\/box-para-banheiros\/orcamento\/\" target=\"_blank\"><span style=\"color: #0094e0;\"><em><strong>\u00c1REAS DE ATENDIMENTO<\/strong><\/em><\/span><\/a><\/h1>\n[\/vc_column_text][vc_empty_space height=&#8221;10px&#8221;][\/vc_column][\/vc_row][vc_row][vc_column width=&#8221;1\/4&#8243;][vc_column_text]\n<ul>\n<li><strong>Zona Sul:<\/strong>\u00a0<strong>Botafogo<\/strong>, Humait\u00e1, Arpoador,\u00a0<strong>Catete<\/strong>,\u00a0Cosme Velho,\u00a0<strong>Copacabana<\/strong>,\u00a0<strong>Flamengo<\/strong>, G\u00e1vea, Gl\u00f3ria, Ipanema, Jardim Bot\u00e2nico, Lagoa,<strong>\u00a0Laranjeiras<\/strong>, Largo do Machado,\u00a0<strong>Leblon<\/strong>, Leme, S\u00e3o Conrado, Urca.<\/li>\n<\/ul>\n[\/vc_column_text][vc_empty_space height=&#8221;10px&#8221;][vc_column_text]\n<ul>\n<li><strong>Baixada Fluminense<\/strong>:\u00a0S\u00e3o Jo\u00e3o de Meriti, Belford Roxo, Ricardo de Albuquerque, Queimados, Nova Igua\u00e7u,<strong>\u00a0Nil\u00f3polis<\/strong>, Mesquita, Juscelino, Pavuna, Eden, Vilar dos Teles.<\/li>\n<\/ul>\n[\/vc_column_text][\/vc_column][vc_column width=&#8221;1\/2&#8243;][vc_column_text]\n<ul>\n<li><strong>Zona Norte:<\/strong>\u00a0Aboli\u00e7\u00e3o, \u00c1gua Santa, Alto da Boa Vista, Andara\u00ed, Anchieta, Barros Filho, Benfica, Br\u00e1s de Pina, Bento Ribeiro, Bonsucesso,\u00a0<strong>Cachambi<\/strong>,\u00a0Caj\u00fa, Campo Grande, Cascadura, Cavalcante, Col\u00e9gio, Costa Barros, Coelho Neto, Coelho da Rocha, Cordovil, Del Castilho, Encantado, Engenheiro Leal, Engenho da Rainha,\u00a0<strong>Engenho de Dentro<\/strong>, Engenho Novo, Ilha do\u00a0Fund\u00e3o, Jardim Am\u00e9rica, Lins de Vasconcelos, Guadalupe, Graja\u00fa, Higien\u00f3polis,\u00a0Hon\u00f3rio Gurgel,\u00a0<strong>Ilha do Governador,<\/strong>\u00a0<strong>Inhauma<\/strong>,\u00a0<strong>Iraj\u00e1<\/strong>, Madureira, Quintino, Maracan\u00e3, Maria da Gra\u00e7a, Marechal Hermes,\u00a0<strong>M\u00e9ier<\/strong>, Olaria, Oswaldo Cruz, Padre Miguel, Pavuna, Penha, Piedade, Pilares, Ramos, Realengo, Rocha, Rocha Miranda, Riachuelo, Ricardo de Albuquerque, Sampaio, S\u00e3o Francisco Xavier, S\u00e3o Cristov\u00e3o,\u00a0<strong>Tijuca<\/strong>, Todos os Santos, Tom\u00e1s Coelho, Turia\u00e7\u00fa, Vaz Lobo, Vista Alegre, Vicente de Carvalho, Vig\u00e1rio Geral,\u00a0<strong>Vila da Penha<\/strong>,\u00a0<strong>Vila Isabel<\/strong>,\u00a0Campinhos<\/li>\n<\/ul>\n[\/vc_column_text][vc_empty_space height=&#8221;20px&#8221;][\/vc_column][vc_column width=&#8221;1\/4&#8243;][vc_column_text]\n<ul>\n<li><strong>Zona Oeste:<\/strong>\u00a0Anil, Bangu,\u00a0<strong>Barra da Tijuca<\/strong>, Freguesia,\u00a0<strong>Jacarepagu\u00e1<\/strong>, Pechincha,\u00a0<strong>Recreio<\/strong>, Sulacap, Tanque,<strong>\u00a0Taquara<\/strong>, Vargem Grande, Vargem Pequena, Vila Valqueire, Cidade de Deus, Pra\u00e7a Seca.<\/li>\n<\/ul>\n[\/vc_column_text][vc_empty_space height=&#8221;10px&#8221;][vc_column_text]\n<ul>\n<li><strong>Centro:<\/strong>\u00a0Centro,\u00a0<strong>Santa Teresa<\/strong>, Santo Cristo,\u00a0<strong>Rio Comprido<\/strong>, Est\u00e1cio, Catumbi, Riachuelo, Pra\u00e7a da Bandeira.<\/li>\n<\/ul>\n[\/vc_column_text][\/vc_column][\/vc_row]\n","protected":false},"excerpt":{"rendered":"<p>[vc_row][vc_column width=&#8221;1\/1&#8243;][vc_empty_space height=&#8221;30px&#8221;][vc_column_text] BOX TRANSFER BT3 E BT2 TEC-VIDRO [\/vc_column_text][vc_empty_space height=&#8221;20px&#8221;][vc_column_text]BOX TRANSFER BT3 E BT2 TEC-VIDRO: O Box BT3 tem movimenta\u00e7\u00e3o simult\u00e2nea das portas atrav\u00e9s da transfer\u00eancia da for\u00e7a aplicada, trava de seguran\u00e7a, praticidade, deslizamento suave das portas, abertura de 1\/3 do v\u00e3o com 1&#8230;<\/p>\n","protected":false},"author":5,"featured_media":0,"parent":0,"menu_order":0,"comment_status":"closed","ping_status":"closed","template":"","meta":[],"_links":{"self":[{"href":"http:\/\/olividros.com.br\/box-para-banheiros\/wp-json\/wp\/v2\/pages\/11730"}],"collection":[{"href":"http:\/\/olividros.com.br\/box-para-banheiros\/wp-json\/wp\/v2\/pages"}],"about":[{"href":"http:\/\/olividros.com.br\/box-para-banheiros\/wp-json\/wp\/v2\/types\/page"}],"author":[{"embeddable":true,"href":"http:\/\/olividros.com.br\/box-para-banheiros\/wp-json\/wp\/v2\/users\/5"}],"replies":[{"embeddable":true,"href":"http:\/\/olividros.com.br\/box-para-banheiros\/wp-json\/wp\/v2\/comments?post=11730"}],"version-history":[{"count":16,"href":"http:\/\/olividros.com.br\/box-para-banheiros\/wp-json\/wp\/v2\/pages\/11730\/revisions"}],"predecessor-version":[{"id":12100,"href":"http:\/\/olividros.com.br\/box-para-banheiros\/wp-json\/wp\/v2\/pages\/11730\/revisions\/12100"}],"wp:attachment":[{"href":"http:\/\/olividros.com.br\/box-para-banheiros\/wp-json\/wp\/v2\/media?parent=11730"}],"curies":[{"name":"wp","href":"https:\/\/api.w.org\/{rel}","templated":true}]}}